 3, 5
Suppose 0 = 2*t - 0*t + 3*t. Suppose t = 3*c + 3*c + 12. List the prime factors of 155/4 + -1 + c/(-8).
2, 19
Let a be 6 - (-1 - (-2 + -1)). Suppose 4*n - 12 = 0, -5*b - a*n + 144 = -3*b. What are the prime factors of b?
2, 3, 11
Let g(a) = 419*a - 158. Let l(w) = 140*w - 53. Let y(h) = 2*g(h) - 7*l(h). List the prime factors of y(-5).
3, 5, 17
Let n(k) = k**3 - 5*k**2 + 13*k - 19. Let f be n(3). Suppose f*i - 1910 = -2*d, 5*i - 4*i = -3*d + 953. What are the prime factors of i?
2, 239
Suppose 4*k - 2413432 - 310835 = -47*k. List the prime factors of k.
7, 13, 587
Let b be (-1 + 2)/(1/9). Let g(p) be the second derivative of -p**5/20 + 3*p**4/4 + p**3/3 + 3*p**2 - 243*p. List the prime factors of g(b).
2, 3
Suppose 4416*i - 4397*i - 532190 = 0. List the prime factors of i.
2, 5, 2801
Suppose -j + 3506 = 5*z, -z + 0*j + 706 = -j. Suppose 369 = 9*s - z. What are the prime factors of s?
7, 17
Let d = 309 + -306. Suppose -2*y - t + 617 = 0, y - 299 - 6 = d*t. What are the prime factors of y?
2, 7, 11
Suppose 62*u - 55*u = 12903 + 11723. What are the prime factors of u?
2, 1759
Let n(f) = -9*f + 95. Let s be n(13). List the prime factors of ((-2)/8 + s/(-24))*1653.
2, 19, 29
Let c(d) = -2*d**3 - 96*d**2 + 180*d + 113. What are the prime factors of c(-50)?
3, 7, 53
Let y(t) = 517*t + 1753. List the prime factors of y(14).
3, 37
Let t(w) = 10*w**2 - 4*w + 6. Let o be t(-6). Let g = o - 75. List the prime factors of g.
3, 5, 7
Let q be (36/(-4))/(-9) - -1022. Suppose 0 = p + d - q, -3*d + 0 = -6. List the prime factors of p.
1021
Suppose 3*w + 4*g = 52, 4*w - 84 = 3*g - g. Suppose -w*c = -28*c + 3112. List the prime factors of c.
389
Let s be (-8)/(-68) + 202/17. Let i(y) = -72*y + 0 - s + 18. List the prime factors of i(-1).
2, 3, 13
Let f = -9905 - -14965. What are the prime factors of f?
2, 5, 11, 23
Let r = 4049 - 3563. What are the prime factors of r?
2, 3
Let w = -11 - -14. Suppose 5 = -y, 0 = -4*b + w*y - 23 + 218. What are the prime factors of b?
3, 5
Suppose 894*d = -w + 893*d + 877, 0 = -5*w - 3*d + 4397. List the prime factors of w.
883
Let s = 7 + -3. Suppose 14*v - 8*v - 30 = 0. Suppose -1254 = -5*m + v*a - s*a, 2*m - a = 504. List the prime factors of m.
2, 5
Suppose 4*t - 332 = -2*c, -5*c = -2*t - t + 223. Suppose n - 162 = -f + 2*n, 3*n = 4*f - 646. Let d = f - t. What are the prime factors of d?
79
Let d(q) = 53*q**2 - 50*q - 183. List the prime factors of d(-12).
3, 2683
Suppose -11*s + 6274 = -9269. Let r = s + -815. What are the prime factors of r?
2, 13, 23
Suppose 38*z - 37*z = 3*p - 32475, 5*p + 4*z - 54125 = 0. What are the prime factors of p?
5, 433
Let c(q) = 4253*q + 6865. List the prime factors of c(6).
13, 47, 53
Let j = -35 + -796. Suppose 6*f - f + 2955 = 0. Let h = f - j. List the prime factors of h.
2, 3, 5
What are the prime factors of ((-3)/(6/10588))/(4*(-33)/66)?
2647
Let a = 30815 + 3648. What are the prime factors of a?
11, 13, 241
Let s = -7 + 15. Suppose 4*a - 496 - 276 = 0. Suppose -376 = -2*n - 5*g, s*g - 3*g = -n + a. List the prime factors of n.
3, 61
Let c = -220 - -220. Suppose -9*b + 1585 + 1727 = c. What are the prime factors of b?
2, 23
Let t(h) be the second derivative of -15*h**3/2 - 3*h**2 - 69*h. List the prime factors of t(-2).
2, 3, 7
List the prime factors of 0 + -9 + 0 + 219075/3.
2, 9127
Suppose 6*y = -93 + 105. Suppose -607 = -3*r + w, r - 608 = -2*r + y*w. List the prime factors of r.
2, 101
Let h(x) = 20*x**2 - 7*x + 168. List the prime factors of h(22).
2, 37, 131
Let y(i) = -2*i - 30*i**2 + 2*i**3 + 43 - 77 - 10*i**2. What are the prime factors of y(21)?
2, 13, 31
Let n = -289 - -309. Suppose -3*l = -8 + n, 5*l = -u + 686. List the prime factors of u.
2, 353
Let x(y) = -22*y**2 - 13*y + 25. Let f(j) = -8*j**2 - 4*j + 9. Let u(c) = -7*f(c) + 2*x(c). List the prime factors of u(6).
431
Let g(z) = -6*z**3 - 8*z + 3. Suppose -5*o - 2*p - 2*p = -31, 3*o - p - 5 = 0. Let d be g(o). List the prime factors of (-4)/24*2*d.
61
Suppose -5*j + 3*j + 9 = a, -4*j = -a - 9. Suppose 85 = 5*y - 5*p, -j*y + 36 = -y - 4*p. What are the prime factors of y?
2
Let t be 5 + (-8 - -4) + 4. Suppose -175 + 16 = -t*g + 2*w, -g + 27 = 2*w. Let z = g + -10. List the prime factors of z.
3, 7
Let z(f) = 84*f - 259. Suppose -6*x = -2*m - x + 49, -4*m - 2*x + 62 = 0. List the prime factors of z(m).
7, 167
Suppose -k = 17 + 4. Let y be (-1 + 2)/((-7)/k). Suppose y*s + 8*f = 3*f + 403, -s - 5*f + 121 = 0. What are the prime factors of s?
3, 47
Suppose -2*b + 29 = g, 0 = -11*g + 13*g + 2. Let z = 245 - b. What are the prime factors of z?
2, 5, 23
Suppose -129448 = 5*t - 46*t - 3*t. List the prime factors of t.
2, 1471
Let h be (1/(-9)*-30)/((-2)/(-3)). Suppose n = -h*v + 254 + 46, -5*v + 300 = -n. Suppose 61*j = v*j + 298. List the prime factors of j.
2, 149
Let x(b) = 3*b**3 + 227*b**2 + 53*b - 200. What are the prime factors of x(-75)?
5, 283
What are the prime factors of 11 + -19 - ((-2)/(-2) - 9510)?
3, 3167
Let f(s) = 3*s**3 - 8*s**2 + s - 1318. Let p(r) = 2*r**3 - 5*r**2 + r - 659. Let m(k) = -3*f(k) + 5*p(k). List the prime factors of m(0).
659
Suppose -92*p + 2736 = -84*p. Let u = -74 + p. List the prime factors of u.
2, 67
Let q(z) = z**3 + 4*z**2 + 5*z + 2. Let v be q(-1). Suppose 6*j - 719 - 169 = v. What are the prime factors of j?
2, 37
Suppose 0 = 4*j - 8, 3*d + 6*j - 3*j = 72. Let v = d - 23. What are the prime factors of (5 + 50/(-15))*(16 + v)?
5
Let d = 12144 - 7094. What are the prime factors of d?
2, 5, 101
Let g be (4/10)/(4/(-20)). Let n(k) be the second derivative of 5*k**4/4 + k**3/3 + 4*k**2 - 505*k. List the prime factors of n(g).
2
Let i be (-2818)/(-5) - (-39)/(-65). Let g = i - -232. List the prime factors of g.
3, 5, 53
Let y = 53 + -101. Let i = 28 + y. What are the prime factors of i/40 + 153/2?
2, 19
Let f = 5284 - -15513. What are the prime factors of f?
7, 2971
Let b = 3 + -26. Let d = 26 + b. Suppose 0 = d*w - 186 - 6. What are the prime factors of w?
2
Let s = -257 + 8670. What are the prime factors of s?
47, 179
Let o = 84845 - 40820. What are the prime factors of o?
3, 5, 587
Suppose -89*b + 13684560 = 71*b + 68*b. List the prime factors of b.
2, 5, 3001
Let b(o) = 105*o**2 + 36*o - 168. Let k(d) = d**3 + 15*d**2 - 52*d + 40. Let u be k(-18). List the prime factors of b(u).
2, 3, 23
Suppose 0 = y + 2*t, -4*y - t + 5*t = 24. List the prime factors of (12/4 + -5)/(y/562).
281
Suppose 50174 = -37*w + 42*w + 4*g, 5*w - 5*g - 50210 = 0. What are the prime factors of w?
2, 3, 7, 239
Suppose -2*j = -4*p + 190, 3*j = 4*p - 37 - 152. Let y = p - 15. Let q = y + 1. What are the prime factors of q?
2, 17
Let x be (-208)/(-117) + (-2)/(-9). List the prime factors of (7 - 10)/(x/(-292)*6).
73
Let f(m) = -38*m - 7 + 9*m**2 - 11*m**2 + m**3 - m**2 - m**2. List the prime factors of f(14).
7, 29
Suppose -5*w = 10, -17*w + 10312 = l - 20*w. List the prime factors of l.
2, 5153
Suppose 3*a = 2*k + 16, -2*a + 9*k + 14 = 6*k. Suppose a*s + 1582 = 1790. What are the prime factors of s?
2, 13
Let u(s) = s**2 + 10*s - 8. Let p = -15 - -13. Let n(x) = x**3 - 2*x**2 - 3*x - 1. Let q be n(p). List the prime factors of u(q).
3
Let s(d) = 20*d**2 - 6*d - 10. Let v be 34/6 - 12/(-9). Let p be s(v). Suppose 13*t = 827 + p. List the prime factors of t.
3, 5
Let s(v) = -10686*v - 646. List the prime factors of s(-4).
2, 7, 31, 97
Suppose -8 + 4 = -4*s + 2*m, -2*s + 3*m = 2. Suppose 2*h = -s*t + 1120, 4*t - 563 = 3*t - 2*h. List the prime factors of t.
557
Let b(h) = -80*h + 6. Suppose -3*u = 29 - 20. Let a be b(u). What are the prime factors of 18/24*-4 - a/(-2)?
2, 3, 5
Let f = 5412 + 9850. What are the prime factors of f?
2, 13, 587
List the prime factors of 10/(80/12) + (3 - 47122/(-4)).
5, 2357
Suppose -153840 - 294544 = -124*c. What are the prime factors of c?
2, 113
Suppose j = -53 - 48. Let v = 123 + j. What are the prime factors of (v - 1) + (-5 - (3 - 5))?
2, 3
Suppose -58*s = -20*s - 129200. List the prime factors of s.
2, 5, 17
Let c(r) = 29*r - 160. Let d(i) = -28*i + 161. Let z(x) = 2*c(x) + 3*d(x). List the prime factors of z(-17).
5, 11
Suppose 0 = 8*n - 689 + 169. Let c = -57 + n. Let h(b) = b**3 - 5*b**2 - 4*b + 12. What are the prime factors of h(c)?
2, 43
Let v = -251 + 260. Let o = v + 6